{"id":108,"date":"2023-04-17T09:43:21","date_gmt":"2023-04-17T09:43:21","guid":{"rendered":"https:\/\/makutano.at\/?page_id=108"},"modified":"2023-04-17T13:27:54","modified_gmt":"2023-04-17T13:27:54","slug":"tanzania","status":"publish","type":"page","link":"https:\/\/makutano.at\/index.php\/tanzania\/","title":{"rendered":"Tanzania"},"content":{"rendered":"<p>Die Vereinigte Republik Tansania (Swahili Jamhuri ya Muungano wa Tanzania) ist ein Staat in Ostafrika. Tansania liegt am Indischen Ozean und grenzt im Norden an Kenia und Uganda und im S\u00fcden an Sambia, Malawi und Mosambik. Im Westen liegen Ruanda, Burundi und die Demokratische Republik Kongo.<br>Tansania hat eine Bev\u00f6lkerung von etwa 50 Millionen und ist damit das sechstgr\u00f6\u00dfte Land Afrikas in Bezug auf die Bev\u00f6lkerung. Die Landeshauptstadt und der Regierungssitz ist Dodoma. Dar es Salaam ist zugleich die gr\u00f6\u00dfte Stadt Tansanias. In Tanzania werden um die 125 verschiedene Sprachen gesprochen, Kiswahili ist die \u00fcbergreifende Landessprache. In der formellen Kommunikation wird jedoch auch Englisch gesprochen. <\/p><p>Tansania hat eine \u00e4u\u00dferst reizvolle Landschaft. Der Kontinent besteht aus einer 16 bis 64 km breiten K\u00fcstenebene mit tropischer Vegetation. Im Nordosten des Landes liegt das Kilimandscharo-Massiv, das h\u00f6chste Gebirge Afrikas. Sein h\u00f6chster Punkt, der Uhuru Peak, steht auf 5895 m und ist ein Traum f\u00fcr Kletterer. Auch die drei gr\u00f6\u00dften Seen Afrikas liegen im Staatsgebiet von Tansania. Der Staat grenzt im Norden an den Viktoriasee, im Westen an den Tanganjikasee und im S\u00fcden an den Malawisee. Tansania hat viele Nationalparks, die einen Besuch wert sind, der bekannteste davon ist der Serengeti-Nationalpark im Nordwesten des Landes. <\/p>","protected":false},"excerpt":{"rendered":"Die Vereinigte Republik Tansania (Swahili Jamhuri ya Muungano wa Tanzania) ist ein Staat in Ostafrika. Tansania liegt am Indischen Ozean und grenzt im Norden an Kenia und Uganda und im S\u00fcden an Sambia, Malawi und Mosambik. Im Westen liegen Ruanda, Burundi und die Demokratische Republik Kongo.Tansania hat eine Bev\u00f6lkerung von etwa 50 Millionen und ist ","protected":false},"author":2,"featured_media":0,"parent":0,"menu_order":0,"comment_status":"closed","ping_status":"closed","template":"","meta":{"_acf_changed":false,"om_disable_all_campaigns":false,"_monsterinsights_skip_tracking":false,"_monsterinsights_sitenote_active":false,"_monsterinsights_sitenote_note":"","_monsterinsights_sitenote_category":0,"_uf_show_specific_survey":0,"_uf_disable_surveys":false,"footnotes":""},"class_list":["post-108","page","type-page","status-publish","hentry"],"acf":[],"aioseo_notices":[],"_links":{"self":[{"href":"https:\/\/makutano.at\/index.php\/wp-json\/wp\/v2\/pages\/108"}],"collection":[{"href":"https:\/\/makutano.at\/index.php\/wp-json\/wp\/v2\/pages"}],"about":[{"href":"https:\/\/makutano.at\/index.php\/wp-json\/wp\/v2\/types\/page"}],"author":[{"embeddable":true,"href":"https:\/\/makutano.at\/index.php\/wp-json\/wp\/v2\/users\/2"}],"replies":[{"embeddable":true,"href":"https:\/\/makutano.at\/index.php\/wp-json\/wp\/v2\/comments?post=108"}],"version-history":[{"count":3,"href":"https:\/\/makutano.at\/index.php\/wp-json\/wp\/v2\/pages\/108\/revisions"}],"predecessor-version":[{"id":133,"href":"https:\/\/makutano.at\/index.php\/wp-json\/wp\/v2\/pages\/108\/revisions\/133"}],"wp:attachment":[{"href":"https:\/\/makutano.at\/index.php\/wp-json\/wp\/v2\/media?parent=108"}],"curies":[{"name":"wp","href":"https:\/\/api.w.org\/{rel}","templated":true}]}}