{"id":140,"date":"2023-04-17T13:48:20","date_gmt":"2023-04-17T13:48:20","guid":{"rendered":"https:\/\/makutano.at\/?page_id=140"},"modified":"2023-04-17T14:00:57","modified_gmt":"2023-04-17T14:00:57","slug":"kiswahili","status":"publish","type":"page","link":"https:\/\/makutano.at\/index.php\/kiswahili\/","title":{"rendered":"Kiswahili"},"content":{"rendered":"<p>Kiswahili geh\u00f6rt zur Bantu- Sprachfamilie und ist haupts\u00e4chlich in Ostafrika verbreitet. Sch\u00e4tzungen zur Anzahl der Kiswahili-Sprecher weltweit variieren von 70 bis 120 Millionen. Davon sind aber nur etwa 5 Millionen Muttersprachler, da aufgrund seiner Bedeutung als Lingua Franca und Nationalsprache Kiswahili von vielen Menschen als Zweitsprache gesprochen wird. Neben Englisch ist Kiswahili Amtssprache in Tansania, Kenia und Uganda und auch in der Demokratischen Republik Kongo als eine der Landessprachen anerkannt.<\/p><p class=\"has-text-align-left\">Des Weiteren ist die Sprache in den angrenzenden L\u00e4ndern Burundi, Ruanda und Mosambik von Bedeutung. Als Verkehrs- und Handelssprache reicht ihr Verbreitungsgebiet sogar von Sambia, den Komoren und Madagaskar bis nach Somalia und \u00c4thiopien. Kiswahili ist eine der am meisten gesprochenen Sprachen in Afrika und eine der sechs offiziellen Amts- und Arbeitssprachen der Afrikanischen Union (vgl. Jahn 2012). <\/p><p><\/p>","protected":false},"excerpt":{"rendered":"Kiswahili geh\u00f6rt zur Bantu- Sprachfamilie und ist haupts\u00e4chlich in Ostafrika verbreitet. Sch\u00e4tzungen zur Anzahl der Kiswahili-Sprecher weltweit variieren von 70 bis 120 Millionen. Davon sind aber nur etwa 5 Millionen Muttersprachler, da aufgrund seiner Bedeutung als Lingua Franca und Nationalsprache Kiswahili von vielen Menschen als Zweitsprache gesprochen wird. Neben Englisch ist Kiswahili Amtssprache in Tansania, ","protected":false},"author":2,"featured_media":0,"parent":0,"menu_order":0,"comment_status":"closed","ping_status":"closed","template":"","meta":{"_acf_changed":false,"om_disable_all_campaigns":false,"_monsterinsights_skip_tracking":false,"_monsterinsights_sitenote_active":false,"_monsterinsights_sitenote_note":"","_monsterinsights_sitenote_category":0,"_uf_show_specific_survey":0,"_uf_disable_surveys":false,"footnotes":""},"class_list":["post-140","page","type-page","status-publish","hentry"],"acf":[],"aioseo_notices":[],"_links":{"self":[{"href":"https:\/\/makutano.at\/index.php\/wp-json\/wp\/v2\/pages\/140"}],"collection":[{"href":"https:\/\/makutano.at\/index.php\/wp-json\/wp\/v2\/pages"}],"about":[{"href":"https:\/\/makutano.at\/index.php\/wp-json\/wp\/v2\/types\/page"}],"author":[{"embeddable":true,"href":"https:\/\/makutano.at\/index.php\/wp-json\/wp\/v2\/users\/2"}],"replies":[{"embeddable":true,"href":"https:\/\/makutano.at\/index.php\/wp-json\/wp\/v2\/comments?post=140"}],"version-history":[{"count":4,"href":"https:\/\/makutano.at\/index.php\/wp-json\/wp\/v2\/pages\/140\/revisions"}],"predecessor-version":[{"id":149,"href":"https:\/\/makutano.at\/index.php\/wp-json\/wp\/v2\/pages\/140\/revisions\/149"}],"wp:attachment":[{"href":"https:\/\/makutano.at\/index.php\/wp-json\/wp\/v2\/media?parent=140"}],"curies":[{"name":"wp","href":"https:\/\/api.w.org\/{rel}","templated":true}]}}