{"id":3,"date":"2022-06-14T14:28:18","date_gmt":"2022-06-14T14:28:18","guid":{"rendered":"http:\/\/makutano.at\/?page_id=3"},"modified":"2023-04-16T18:14:49","modified_gmt":"2023-04-16T18:14:49","slug":"privacy-policy","status":"publish","type":"page","link":"https:\/\/makutano.at\/index.php\/privacy-policy\/","title":{"rendered":"Privacy Policy"},"content":{"rendered":"<h3 class=\"wp-block-heading has-medium-font-size\" style=\"font-style:normal;font-weight:300;text-transform:none\">Wie wir mit Ihren Daten umgehen<\/h3><h5 class=\"wp-block-heading has-medium-font-size\" style=\"font-style:normal;font-weight:300;text-transform:none\">Alle mit uns ausgetauschten Daten werden streng vertraulich behandelt. Daten werden an unsere Autoren nur anonymisiert weitergegeben.<\/h5><h5 class=\"wp-block-heading has-medium-font-size\" style=\"font-style:normal;font-weight:300;text-transform:none\">Alle Daten werden von uns gel\u00f6scht, wenn diese nicht mehr ben\u00f6tigt werden.&nbsp;<\/h5><h5 class=\"wp-block-heading has-medium-font-size\" style=\"font-style:normal;font-weight:300;text-transform:none\">Alle Autoren und einbezogene Parteien unterschreiben Vertraulichkeitserkl\u00e4rungen.<\/h5><h3 class=\"wp-block-heading has-medium-font-size\" id=\"heading_Erklaerung_zur_Informationspflicht_2\" style=\"font-style:normal;font-weight:300;text-transform:none\">Erkl\u00e4rung zur Informationspflicht<\/h3><h4 class=\"wp-block-heading has-medium-font-size\" id=\"heading__Datenschutzerklaerung_\" style=\"font-style:normal;font-weight:300;text-transform:none\">(Datenschutzerkl\u00e4rung)<\/h4><h5 class=\"wp-block-heading has-medium-font-size\" style=\"font-style:normal;font-weight:300;text-transform:none\">Der Schutz Ihrer pers\u00f6nlichen Daten ist uns ein besonderes Anliegen. Wir verarbeiten Ihre Daten daher ausschlie\u00dflich auf Grundlage der gesetzlichen Bestimmungen (DSGVO, TKG 2003). In diesen Datenschutzinformationen informieren wir Sie \u00fcber die wichtigsten Aspekte der Datenverarbeitung im Rahmen unserer Website.&nbsp;<\/h5><h5 class=\"wp-block-heading has-medium-font-size\" style=\"font-style:normal;font-weight:300;text-transform:none\">Beim Besuch unserer Webseite wird Ihre IP-Adresse, Beginn und Ende der Sitzung f\u00fcr die Dauer dieser Sitzung erfasst. Dies ist technisch bedingt und stellt damit ein berechtigtes Interesse iSv Art 6 Abs 1 lit f DSGVO dar. Soweit im Folgenden nichts anderes geregelt wird, werden diese Daten von uns nicht weiterverarbeitet.<\/h5><h4 class=\"wp-block-heading has-medium-font-size\" id=\"heading_Kontakt_mit_uns\" style=\"font-style:normal;font-weight:300;text-transform:none\">Kontakt mit uns<\/h4><h5 class=\"wp-block-heading has-medium-font-size\" style=\"font-style:normal;font-weight:300;text-transform:none\">Wenn Sie per Formular auf der Website oder per E-Mail Kontakt mit uns aufnehmen, werden Ihre angegebenen Daten zwecks Bearbeitung der Anfrage und f\u00fcr den Fall von Anschlussfragen bis 14 Tage nach Abwicklung des Auftrages, gespeichert. &nbsp;Diese Daten geben wir nicht ohne Ihre Einwilligung weiter.&nbsp;<\/h5><h4 class=\"wp-block-heading has-medium-font-size\" id=\"heading_Cookies\" style=\"font-style:normal;font-weight:300;text-transform:none\">Cookies<\/h4><h5 class=\"wp-block-heading has-medium-font-size\" style=\"font-style:normal;font-weight:300;text-transform:none\">Unsere Website verwendet so genannte Cookies. Dabei handelt es sich um kleine Textdateien, die mit Hilfe des Browsers auf Ihrem Endger\u00e4t abgelegt werden. Sie richten keinen Schaden an.<\/h5><h5 class=\"wp-block-heading has-medium-font-size\" style=\"font-style:normal;font-weight:300;text-transform:none\">Wir nutzen Cookies dazu, unser Angebot nutzerfreundlich zu gestalten. Einige Cookies bleiben auf Ihrem Endger\u00e4t gespeichert, bis Sie diese l\u00f6schen. Sie erm\u00f6glichen es uns, Ihren Browser beim n\u00e4chsten Besuch wieder zu erkennen.<\/h5><h5 class=\"wp-block-heading has-medium-font-size\" style=\"font-style:normal;font-weight:300;text-transform:none\">Wenn Sie dies nicht w\u00fcnschen, so k\u00f6nnen Sie Ihren Browser so einrichten, dass er Sie \u00fcber das Setzen von Cookies informiert und Sie dies nur im Einzelfall erlauben.<\/h5><h5 class=\"wp-block-heading has-medium-font-size\" style=\"font-style:normal;font-weight:300;text-transform:none\">Bei der Deaktivierung von Cookies kann die Funktionalit\u00e4t unserer Website eingeschr\u00e4nkt sein.<\/h5><h5 class=\"wp-block-heading has-medium-font-size\" id=\"heading_Ihre_Rechte\" style=\"font-style:normal;font-weight:300;text-transform:none\">Ihre Rechte<\/h5><h5 class=\"wp-block-heading has-medium-font-size\" style=\"font-style:normal;font-weight:300;text-transform:none\">Ihnen stehen bez\u00fcglich Ihrer bei uns gespeicherten Daten&nbsp;grunds\u00e4tzlich die Rechte auf Auskunft, Berichtigung, L\u00f6schung, Einschr\u00e4nkung, Daten\u00fcbertragbarkeit, Widerruf und Widerspruch zu. Wenn Sie glauben, dass die Verarbeitung Ihrer Daten gegen das Datenschutzrecht verst\u00f6\u00dft oder Ihre datenschutzrechtlichen Anspr\u00fcche sonst in einer Weise verletzt worden sind, k\u00f6nnen Sie sich bei der&nbsp;uns <em>[E-Mail-Adresse abgeben]<\/em> oder der Datenschutzbeh\u00f6rde beschweren.<\/h5><h4 class=\"wp-block-heading has-medium-font-size\" id=\"heading_Sie_erreichen_uns_unter_folgenden_Kontaktdaten_\" style=\"font-style:normal;font-weight:300;text-transform:none\">Sie erreichen uns unter folgenden Kontaktdaten: <\/h4><p class=\"has-medium-font-size\">Herr Mfilinge Nyalusi, BA<\/p><p class=\"has-medium-font-size\">Berggasse 15, 7321 Unterfrauenhaid<\/p><p class=\"has-small-font-size\"><\/p>","protected":false},"excerpt":{"rendered":"Wie wir mit Ihren Daten umgehen Alle mit uns ausgetauschten Daten werden streng vertraulich behandelt. Daten werden an unsere Autoren nur anonymisiert weitergegeben. Alle Daten werden von uns gel\u00f6scht, wenn diese nicht mehr ben\u00f6tigt werden.&nbsp; Alle Autoren und einbezogene Parteien unterschreiben Vertraulichkeitserkl\u00e4rungen. Erkl\u00e4rung zur Informationspflicht (Datenschutzerkl\u00e4rung) Der Schutz Ihrer pers\u00f6nlichen Daten ist uns ein besonderes ","protected":false},"author":2,"featured_media":0,"parent":0,"menu_order":0,"comment_status":"closed","ping_status":"closed","template":"","meta":{"_acf_changed":false,"om_disable_all_campaigns":false,"_monsterinsights_skip_tracking":false,"_monsterinsights_sitenote_active":false,"_monsterinsights_sitenote_note":"","_monsterinsights_sitenote_category":0,"_uf_show_specific_survey":0,"_uf_disable_surveys":false,"footnotes":""},"class_list":["post-3","page","type-page","status-publish","hentry"],"acf":[],"aioseo_notices":[],"_links":{"self":[{"href":"https:\/\/makutano.at\/index.php\/wp-json\/wp\/v2\/pages\/3"}],"collection":[{"href":"https:\/\/makutano.at\/index.php\/wp-json\/wp\/v2\/pages"}],"about":[{"href":"https:\/\/makutano.at\/index.php\/wp-json\/wp\/v2\/types\/page"}],"author":[{"embeddable":true,"href":"https:\/\/makutano.at\/index.php\/wp-json\/wp\/v2\/users\/2"}],"replies":[{"embeddable":true,"href":"https:\/\/makutano.at\/index.php\/wp-json\/wp\/v2\/comments?post=3"}],"version-history":[{"count":6,"href":"https:\/\/makutano.at\/index.php\/wp-json\/wp\/v2\/pages\/3\/revisions"}],"predecessor-version":[{"id":87,"href":"https:\/\/makutano.at\/index.php\/wp-json\/wp\/v2\/pages\/3\/revisions\/87"}],"wp:attachment":[{"href":"https:\/\/makutano.at\/index.php\/wp-json\/wp\/v2\/media?parent=3"}],"curies":[{"name":"wp","href":"https:\/\/api.w.org\/{rel}","templated":true}]}}